actor of 106194648?
True
Is 21 a factor of 1452063459?
True
Is 118 a factor of 61631891?
False
Is 14 a factor of 26198970?
True
Is 27 a factor of 2942611119?
True
Does 168 divide 28308?
False
Is 35 a factor of 163089115?
True
Is 1380 a factor of 18997363?
False
Is 1301932649 a multiple of 11?
False
Is 12065575 a multiple of 39?
False
Is 2 a factor of 15284661?
False
Is 475989326 a multiple of 193?
False
Is 48248415 a multiple of 552?
False
Is 7 a factor of 838862172?
False
Does 3930 divide 45021655?
False
Is 6 a factor of 3162719?
False
Is 222821700 a multiple of 215?
True
Is 26 a factor of 379556854?
False
Is 21 a factor of 206730714?
False
Is 34121367 a multiple of 167?
False
Is 16 a factor of 107630096?
True
Does 260 divide 124415200?
True
Is 71078931 a multiple of 77?
True
Is 315 a factor of 97144100?
False
Is 942603208 a multiple of 1805?
False
Is 199814211 a multiple of 3327?
False
Is 308 a factor of 102413446?
False
Does 1157 divide 77231466?
False
Is 3608602 a multiple of 245?
False
Is 30023364 a multiple of 6?
True
Is 40 a factor of 33045959?
False
Does 11 divide 471092837?
False
Is 16090653 a multiple of 35?
False
Is 214488833 a multiple of 255?
False
Is 17022885 a multiple of 363?
True
Is 280 a factor of 9940003?
False
Is 14 a factor of 248589606?
False
Is 102 a factor of 137119008?
True
Is 617 a factor of 34606913?
True
Does 15 divide 6571720?
False
Is 23 a factor of 2911900648?
True
Is 132 a factor of 314460445?
False
Is 1374165345 a multiple of 38?
False
Is 115833828 a multiple of 148?
True
Does 607 divide 6470210207?
False
Does 346 divide 44767210?
True
Does 196 divide 849639224?
True
Does 13 divide 9307654?
False
Does 125 divide 92607473?
False
Is 3 a factor of 16769385?
True
Is 691115030 a multiple of 4856?
False
Is 1588201160 a multiple of 4?
True
Is 4091661164 a multiple of 458?
True
Does 207 divide 25104078?
False
Does 7 divide 29902880?
True
Is 22 a factor of 1016850542?
False
Is 40 a factor of 3200280?
True
Is 2353 a factor of 55043729?
True
Is 654 a factor of 2031758?
False
Is 416103552 a multiple of 12?
True
Is 4 a factor of 49519560?
True
Is 43 a factor of 44048684?
True
Is 2 a factor of 559456662?
True
Is 123961173 a multiple of 187?
False
Is 40 a factor of 7148036?
False
Is 935743552 a multiple of 139?
True
Does 3228 divide 1470820844?
False
Is 12391 a factor of 442073707?
True
Is 109358922 a multiple of 321?
True
Is 7718 a factor of 466838666?
True
Is 373 a factor of 6516310?
True
Is 7 a factor of 10561690?
False
Is 195943108 a multiple of 586?
False
Does 2554 divide 15709654?
True
Is 34250150 a multiple of 22?
True
Does 1231 divide 80399819?
False
Is 40 a factor of 18061600?
True
Is 92634894 a multiple of 18?
True
Does 10 divide 655734681?
False
Is 1781996175 a multiple of 295?
True
Does 14 divide 83646210?
False
Is 33128928 a multiple of 21?
True
Is 2791 a factor of 196502967?
False
Is 653 a factor of 433400923?
False
Is 18424940 a multiple of 340?
True
Is 3901679 a multiple of 861?
False
Does 6 divide 645641?
False
Is 13054089 a multiple of 29?
True
Is 15 a factor of 6256440?
True
Is 1996 a factor of 4522541115?
False
Does 29 divide 3268732080?
False
Is 269008536 a multiple of 183?
True
Does 593 divide 19654985?
True
Is 13734014 a multiple of 5?
False
Does 391 divide 195388183?
False
Does 1213 divide 1327022?
True
Is 12 a factor of 792574066?
False
Is 212125685 a multiple of 335?
True
Is 25516357 a multiple of 15?
False
Is 5147159 even?
False
Is 250333944 a multiple of 121?
False
Is 87 a factor of 507531687?
False
Is 1674095126 a multiple of 2023?
False
Is 29440620 a multiple of 22?
True
Does 26 divide 77108382?
True
Does 11 divide 17014378?
False
Is 21 a factor of 13585446?
True
Does 2692 divide 88607180?
True
Is 41 a factor of 40946957?
False
Is 244 a factor of 45188701?
False
Is 1136 a factor of 524881891?
False
Does 172 divide 31832616?
False
Does 74 divide 42640724?
True
Is 530713 a multiple of 2?
False
Is 1318 a factor of 43545402?
True
Does 8 divide 51790072?
True
Does 1964 divide 828925840?
True
Is 100488913 a multiple of 160?
False
Does 19 divide 79678761?
True
Is 122936531 a multiple of 66?
False
Is 16 a factor of 226964464?
True
Is 43 a factor of 2508299220?
True
Is 399 a factor of 486433269?
True
Does 25 divide 4153294928?
False
Is 55960400 a multiple of 20?
True
Does 660 divide 32277791?
False
Is 161 a factor of 4802733?
False
Is 92 a factor of 80645496?
False
Is 102 a factor of 245448662?
False
Does 2807 divide 324284289?
True
Does 108 divide 134652576?
False
Is 749 a factor of 183002421?
True
Is 233 a factor of 61835460?
False
Is 1933269858 a multiple of 871?
True
Is 759402 a multiple of 82?
True
Is 87 a factor of 12969674?
False
Is 52509400 a multiple of 487?
False
Is 238 a factor of 327602716?
True
Is 226 a factor of 96515803?
False
Is 1050 a factor of 40244400?
True
Is 5 a factor of 1372666165?
True
Is 6810735854 a multiple of 28?
False
Is 1221 a factor of 461507475?
True
Is 7 a factor of 145010320?
True
Is 12 a factor of 385680103?
False
Is 4210 a factor of 139363630?
True
Is 34042580 a multiple of 20?
True
Does 192 divide 1557547805?
False
Is 394 a factor of 46572286?
False
Is 52590102 a multiple of 2617?
False
Is 143010711 a multiple of 207?
True
Is 5582316 a multiple of 719?
True
Does 19 divide 448568720?
True
Is 1878963108 a multiple of 66?
True
Does 28 divide 124836883?
False
Does 737 divide 832447535?
False
Is 2248480000 a multiple of 1175?
True
Is 137 a factor of 360610441?
True
Is 35 a factor of 30433830?
True
Is 35 a factor of 2037145004?
False
Does 23 divide 63667105?
True
Does 10 divide 575720147?
False
Does 809 divide 5999544?
True
Is 7 a factor of 8320448?
False
Is 562309516 a multiple of 67?
False
Is 699164567 a multiple of 311?
False
Does 179 divide 11795652?
False
Does 130 divide 741733114?
False
Is 284271649 a multiple of 13?
False
Does 611 divide 142774203?
True
Is 22 a factor of 128473532?
True
Is 35 a factor of 10506754?
False
Is 212 a factor of 44761145?
False
Is 255426012 a multiple of 92?
False
Does 1051 divide 304737960?
False
Is 3904284 a multiple of 3?
True
Is 49 a factor of 43115458?
False
Is 173 a factor of 12903488?
False
Does 193 divide 153799212?
False
Is 149 a factor of 1090549774?
True
Is 1272866618 a multiple of 3418?
True
Is 44 a factor of 1232257?
False
Is 3850733287 a multiple of 1626?
False
Does 6 divide 86009396?
False
Is 633872881 a multiple of 32?
False
Is 9 a factor of 311402013?
False
Is 1367 a factor of 285847229?
False
Is 6 a factor of 125314495?
False
Is 266022603 a multiple of 2189?
True
Is 7 a factor of 4002863776?
False
Is 40084608 a multiple of 12?
True
Is 2693 a factor of 324443595?
False
Does 935 divide 21948439?
False
Is 3491001 a multiple of 1377?
False
Is 3936975 a multiple of 7499?
True
Does 70 divide 2641116?
False
Is 289038672 a multiple of 104?
True
Is 243 a factor of 63139993?
False
Is 487 a factor of 98614578?
True
Is 122 a factor of 41684716?
True
Is 9137396 even?
True
Is 822467276 a multiple of 34?
True
Is 32 a factor of 58034656?
True
Is 98 a factor of 66608934?
True
Does 616 divide 53837784?
True
Does 14 divide 96215882?
True
Is 145 a factor of 1556472757?
False
Is 604362744 a multiple of 14?
False
Does 314 divide 157031086?
True
Is 1350525619 a multiple of 79?
True
Is 6062954 a multiple of 778?
True
Does 7 divide 21902565?
False
Is 184233272 a multiple of 78?
False
Is 2990 a factor of 25102434?
False
Is 1115 a factor of 231688043?
False
Is 374331900 a multiple of 55?
False
Is 46 a factor of 1931447172?
True
Is 775 a factor of 254585441?
False
Is 375694440 a multiple of 15?
True
Is 2694 a factor of 11635386?
True
Is 5 a factor of 269296557?
False
Is 167188050 a multiple of 9?
True
Is 124 a factor of 343463136?
True
Is 111940572 a multiple of 81?
False
Is 36042948 a multiple of 366?
True
Is 1196 a factor of 43286926?
False
Does 5 divide 223281631?
False
Is 2 a factor of 10166518?
True
Is 66461586 a multiple of 83?
True
Is 77616111 a multiple of 2123?
False
Is 13778439 a multiple of 1071?
False
Does 1191 divide 67118165?
False
Is 35 a factor of 346469480?
True
Is 180682 a multiple of 15?
False
Does 674 divide 1881153406?
False
Is 15146397 a multiple of 663?
False
Is 238 a factor of 138981402?
False
Does 28 divide 23325456?
True